= 6*k(i) + t(i). Determine z(w).
-14
Let f(o) = o**3 - 9*o**2 + 9*o - 4. Let l be f(8). Suppose l = -s + 12. Let c(k) = k**2 - 7*k - 5. Calculate c(s).
3
Let d(x) = -3*x + 176 - 16*x**2 - 179 + 8*x**2. Give d(-2).
-29
Let h(w) = -9*w**2 + 9*w + 7. Let j(t) = 5*t**2 - 4*t. Let s(q) = 5*q**2 - 4*q + 1. Let x(v) = 4*j(v) - 3*s(v). Let c(a) = 4*h(a) + 7*x(a). Calculate c(7).
14
Let u(p) = p**3 + 2*p**2 + 1. Let c(j) = j**3 + 6*j**2 + 4*j - 19. Let i be c(-4). Calculate u(i).
-8
Let t = 281 + -294. Let b(z) = -z**2 - 14*z - 7. What is b(t)?
6
Let d(x) = x**2 - x - 1. Let p(s) = -2*s**3 + 89*s**2 + 43*s + 94. Let a be p(45). Calculate d(a).
11
Let b(v) be the first derivative of -7*v**2/2 - v - 1. Let c = -7 - -11. Suppose 5*h - 7 = c*q, 0*h - 1 = q - h. Calculate b(q).
-15
Let t be 29 - 2/(-1) - -1. Let r = t + -19. Let w = r - 16. Let p(f) = f**3 + 5*f**2 + 3*f + 4. Determine p(w).
13
Let z(y) be the third derivative of -y**7/2520 - y**6/720 + y**5/24 - y**4/8 + 21*y**2. Let d(c) be the second derivative of z(c). Give d(0).
5
Let g(i) = -2*i - 8. Let c be 16/(-4)*(-1)/2*2. Suppose -m + 7 = c*w, 49 = -2*m - 3*m + w. What is g(m)?
10
Let l(u) = u**2 - 10*u + 5. Let s(p) = p. Let v(w) = l(w) + 5*s(w). What is v(4)?
1
Let u(l) = 16*l - 41 - 9*l - 6*l + 21*l**2 + l - l**3. Determine u(21).
1
Let o(p) be the second derivative of -p**4/12 - p**3/3 + 2*p**2 + 58*p. Calculate o(-2).
4
Let y(r) = 4*r**3 - r**2 + 2*r. Let x(w) = -2*w**2 + 31*w - 40. Let c be x(14). Calculate y(c).
32
Let z(u) = -3*u + 11*u**2 - 1 - 9*u**2 - 3*u**2. Let o(w) = -w**2 - 8*w + 18. Let c be o(-10). Calculate z(c).
1
Let j(z) = -5 + 567*z**3 - 1 - 6*z**2 - 568*z**3 + 5*z. Give j(-6).
-36
Let i(n) be the second derivative of -1/2*n**2 + 0 + 1/10*n**5 + 1/3*n**3 + 12*n - 1/6*n**4. Let w = 1 + 0. Give i(w).
1
Let l(c) = 2*c**3 + c**2 + 2*c - 7. Let q(s) = 2*s**3 + s**2 + s - 6. Let k(f) = -4*l(f) + 5*q(f). Give k(-2).
-8
Let t(d) be the first derivative of -d**2/2 + 4*d - 9. Suppose 0 = 5*n + 5*u - 75, -n + 3*u + 5 = n. Calculate t(n).
-6
Suppose -27 - 25 = -4*u. Let w(c) = -c**2 + 12*c + 17. Calculate w(u).
4
Let k(d) = 1 + 11*d - 10*d - 110*d**3 + 105*d**3. Determine k(-1).
5
Let c(g) = 7*g**3 + 2*g**2 - 7*g - 4. Let a(v) = 0 + 1 + v - v**3 + 0*v**3 + 0*v. Let z(d) = 5*a(d) + c(d). Give z(-3).
-29
Let f(a) = -13*a**2 + 5 - 2*a - 15*a**2 + 24*a**2 + 3*a - a**3. Determine f(-4).
1
Let j(v) = v**2 - 1. Let s be ((-234)/(-27) + -8)/((-4)/24). Give j(s).
15
Let u(b) = 11*b. Let f(l) = 10*l. Let c(o) = -6*f(o) + 5*u(o). Let x = -113 - -111. What is c(x)?
10
Suppose a - 19 = 3*m, 3*m = 5*a - 2*m - 45. Let h be 15/(-10) - (-6)/a. Let u(k) = -1 - 3 + 2 - k. Determine u(h).
-2
Suppose -2*r + 15 = r. Suppose r*t - 9 = -4. Let z(f) = 9*f**3 + f**2 - 2*f + 1. Determine z(t).
9
Let v(n) = -n**2 + 15*n - 2. Let z(a) = a**2 + 15*a + 15. Let w be z(-15). What is v(w)?
-2
Let h(d) = -6*d**2 - 11*d + 4. Let s be (-134)/26 - 4/(-26). Let z(r) = -5*r**2 - 10*r + 3. Let u(v) = s*z(v) + 4*h(v). Give u(-4).
-7
Let n(l) = -4*l + 3 + l - 1 + 5*l. Let w(q) = 12*q**3 - q**2 + 1. Let f be w(-1). Let o = f + 8. Give n(o).
-6
Let i be 13/(6/(-15) - 1/10). Let c = -37 - i. Let x(l) = -l - 6. Give x(c).
5
Let q(m) be the second derivative of -m**4/12 - 7*m**3/6 - 3*m**2 + 157*m. Give q(-5).
4
Let i(g) be the second derivative of -31*g + 0*g**2 + 5/6*g**3 + 0. What is i(1)?
5
Let r(v) = 16*v + 1. Let h = -815 - -812. Determine r(h).
-47
Let l(n) = 5*n + 6. Suppose 3*d - 9 = 4*i, -7*d + 29 = 8. What is l(i)?
6
Let q(h) = 6*h - 11. Let c(f) = -4*f + 7. Let y(b) = 7*c(b) + 5*q(b). Determine y(4).
2
Let f(b) be the first derivative of 1/3*b**3 + 3*b + 20 - 1/2*b**2. Suppose 12 = -5*c + 3*v, -5*c = 2*v - 2 - 6. Determine f(c).
3
Let x(w) = -9*w**2. Let g(o) = -8*o**2 - 2*o - 1. Let b(a) = -g(a) + x(a). Determine b(-4).
-23
Let h = -31 - -30. Let k(s) = -8*s**3 + 2*s**2 - 1. Determine k(h).
9
Let k(c) = -9 - c**3 - 1316*c**2 + 2634*c**2 + 4*c - 1315*c**2. What is k(4)?
-9
Let u(t) = -t**3 - 3*t**2 + 4*t + 1. Let n(a) = -5*a - 2 + 2*a**2 - 5*a**2 + 6*a. Let m be n(1). What is u(m)?
1
Let t(c) be the third derivative of -c**4/24 + c**3/6 - 25*c**2. Suppose 4*r + 0*r = 0. Suppose r = -3*h - 0*h + 12. Determine t(h).
-3
Let y(u) = -4*u - 1. Let r(o) = -11*o - 4. Let t(h) = 3*r(h) - 8*y(h). Suppose -1 = -w - k, -w = -0*w + 5*k + 7. Suppose w = 4*x + 27. Give t(x).
2
Let q(i) be the third derivative of 11/6*i**3 + 0*i + 6*i**2 + 2 - 1/24*i**4. Calculate q(7).
4
Let g(i) = 1871*i**2 - i - 936*i**2 + 4 - 938*i**2 + 2*i**3 - 3*i**3. Determine g(-3).
7
Let i be (-2)/(-5 - 209/(-44)). Let s(c) = c**2 - 5*c - 23. What is s(i)?
1
Let d(u) = -u**2 - 2*u - 1. Let l be (-1)/9 + 2/18. Suppose 4*g + 5*s + 18 = l, 0 = g - 5*s + 4*s. Give d(g).
-1
Let g = 21 - 19. Let h(l) = 8*l + 10 + 6*l - l**g - 9*l + 2*l. Calculate h(9).
-8
Let n be (-2)/(-4) - 45/(-30). Let h = 4 - n. Let u(z) = -z**2 + 60*z - 52*z - 10 + 0*z**h. Give u(7).
-3
Let a(g) = -3*g**2 + 3*g + 57. Let s(j) = 2*j**2 - 2*j - 38. Let m(w) = 5*a(w) + 7*s(w). Suppose u + 3 = 2, 2*l - 4 = 4*u. Give m(l).
19
Let j(n) = n**2 - 8*n + 5. Let t = 256 + -251. What is j(t)?
-10
Let r(y) = y - 9. Let i be r(7). Let w(o) = -4*o**3 - 2*o**2 - 2*o + 65. Let a(g) = -5*g**3 - 2*g**2 - 2*g + 78. Let t(h) = -5*a(h) + 6*w(h). Give t(i).
-12
Let t(w) = 3*w**2 + 5*w - 6. Let s = 90 + -95. What is t(s)?
44
Let t = 211 + -212. Let l(k) = -11*k**2 + 2*k + 2. Give l(t).
-11
Suppose 9*p - 5*p = i + 227, -i - 3 = 0. Suppose -8*c + p = -22*c. Let d(u) = u**3 + 5*u**2 + 2*u - 3. Give d(c).
5
Suppose -15*u = -30 + 15. Let h(c) = -3*c**3 - 2*c**2 + 1. Calculate h(u).
-4
Let h(o) = o**3 + o**2 - 3*o - 2. Let d(n) = -3*n**3 - 4*n**2 + 8*n + 6. Let q be (-1)/4 - 340/(-80). Let w(j) = q*d(j) + 11*h(j). Calculate w(-3).
-13
Let u(v) = 9*v**3 + 21*v**2 + 13*v. Let t(m) = 7*m**3 + 19*m**2 + 13*m + 1. Let d(z) = 4*t(z) - 3*u(z). Give d(-12).
-8
Let q(l) be the second derivative of l**7/840 - 7*l**6/360 + l**5/24 + l**4/4 + 10*l**3/3 - 22*l. Let j(v) be the second derivative of q(v). Give j(6).
0
Suppose j = 4*t - 4, -t - 3*j - 12 = 3*t. Suppose i = -p - 7 - 1, t = -2*p + i - 13. Let c(y) = 3*y + 1 + 0*y - 8 - 4*y. What is c(p)?
0
Let b(s) = 6*s**2 + 3*s - 2. Let q(v) = v**2 + v. Let x(k) = -b(k) + q(k). Let w be 3 - (-2 + -3 + 10). Give x(w).
-14
Let v(b) be the second derivative of 0 + 1/6*b**3 + 4*b + 0*b**2. Determine v(-1).
-1
Let u(l) = -10*l**2 + l**3 + 3 + 16*l**2 + 2*l**2 - 11*l**2 - 4*l. Calculate u(4).
3
Let g(i) = 63 - 125 + i + 70. Give g(-9).
-1
Let s(f) be the first derivative of f**2/2 - 8*f + 134. Suppose 3*g = -d + 12, -5*d + 3*g + 33 = 9. Determine s(d).
-2
Let y(w) = -10*w + 131. Let n(r) = 5*r - 75. Let p(h) = -7*n(h) - 4*y(h). Let z(j) = -j**3 - j - 1. Let o be z(0). Determine p(o).
-4
Let w = 178 - 15. Let u = -160 + w. Let d(y) = -2*y + 2*y + 3*y + 1 - y**2. Give d(u).
1
Let u(y) = -y**2 + 6*y - 5. Let k(f) = f**2 - 3*f - 2. Let r be k(4). Suppose 7*g = 4*g + r*i + 8, -g + 5 = -3*i. Suppose -s - 5 = -g*s. What is u(s)?
0
Let n(c) = 3*c**2 - 5. Let j(x) = x**3 + 3*x**2 - 7*x - 17. Let l be j(-3). Give n(l).
43
Let q be 0/(-5 - -4) + -2 + 511. Let l(d) = -2*d + q - 509. Determine l(-3).
6
Let i(b) = -b**2 + 2*b - 4. Let v be 6/((-1)/(-3 + 6 + -8)). Let w = -27 + v. Determine i(w).
-7
Let c(f) be the second derivative of -10*f**3/3 + 18*f. What is c(1)?
-20
Let h be (-9)/(-6)*(-19)/(-570). Let w(v) be the second derivative of -h*v**5 + 2*v**2 + 7*v + 0 - 1/3*v**4 + 4/3*v**3. Determine w(-5).
-11
Let t(p) be the third derivative of p**4/24 - p**3 - 478*p**2. Calculate t(3).
-3
Let v(s) = 3*s**3 + 16*s**2 + s + 85. Let q be v(-6). Let x(u) = u + 7*u - u**2 - 3 + 8. Determine x(q).
12
Let x(o) = 1 - 1 - 4 + 7*o + 10. Calculate x(-5).
-29
Let f(c) = c - 15. Let l be f(12). Suppose 0 = -5*t + 2 + 3. Let u be (4 - t)*(-2)/l. Let r(z) = -6*z - 1. What is r(u)?
-13
Let g(o) = -3*o**2 + 2*o + 3. Let r be (-3)/2*80/(-15). Suppose -r*y + 3*y - 15 = 0. Let h(u) = 2*u**2 - u - 2. Let k(x) = y*g(x) - 5*h(x). What is k(-1)?
1
Let o(p) = -p**3 - 5*p**2 - 3*p - 4. Suppose -g = -3*n + 10, -g - 10 = 3*g + 3*n. Calculate o(g).
-8
Let n(w) = -w**3 - 8*w**2 - w - 3. Let v(k) = -k**2 - 14*k - 18. Let s be v(-13). L